t is the tens digit of (r/3)/(5/(-30))?
1
Suppose -133 = -4*o + 311. What is the units digit of o?
1
Suppose 5*a - t = 4*t + 235, -2*a + t + 94 = 0. What is the units digit of a?
7
Let b(i) be the first derivative of 4*i**3 + 2*i**2 + i + 2. Let w be b(-3). What is the units digit of w/11 - (-4)/22?
9
Suppose 3*v - 15 = -3*y, 2*y - 9 = -y. What is the units digit of v/((24/123)/4)?
1
Let d be (7 - 2)/(1/3). Suppose 0 = -2*n - 15 + 39. What is the units digit of (-1)/4 + d/n?
1
Let q(s) = 8*s**2 - s**3 - 2*s**2 + 3*s + 6 - 8*s - 2. What is the units digit of q(3)?
6
Let o(g) = -3*g**3 - g**2 + g + 1. Let t be o(-1). Suppose 2*x + t*y - 32 = 6*y, -3*x - 4*y = -18. Let n = -2 + x. What is the units digit of n?
8
Let h(l) = l**2 + 6*l + 5. Let q be h(-6). Suppose q*y = y + 12. Suppose -y*g + o = -20, 7*o - 2*o - 2 = -2*g. What is the units digit of g?
6
Let s(v) = v**2 - 2*v - 2. Let i(m) = -m**2 + m + 2. Let h(x) = -3*i(x) - 4*s(x). Let g be h(6). Let d = g - -12. What is the units digit of d?
8
Let q(y) = 2*y**2 + y. Let d be 6*(-1)/(-2)*8. Let w be (-4)/(-10) - d/10. What is the units digit of q(w)?
6
Let g = 101 - 61. Suppose -n = 2*j + 5 - 13, -5*n + g = 3*j. What is the units digit of n?
8
Suppose 3*i + 0*i = 3*y + 27, -i + 4*y = -24. Let d(s) = -s**3 + 5*s**2 - 3*s - 3. Let j be d(i). Suppose -17 = -3*b + j. What is the units digit of b?
6
Suppose -3*x + 84 = 3*c - 105, 2*c = 2*x - 126. What is the tens digit of x?
6
Let i(f) = -2*f**2 + f - 11. Let q(t) = -t**2 - 1. Let h(a) = -i(a) + q(a). Let y = 1 + -1. What is the tens digit of h(y)?
1
Let m(h) = 3*h**2 + h + 1. Let t be m(-1). Suppose 0*s + 12 = t*s. Let b = s + 0. What is the units digit of b?
4
Suppose -25 + 5 = -4*s. Suppose 2*w = 11 + s. What is the units digit of w?
8
Let i = 1 - -86. What is the tens digit of i?
8
Let i(r) = -5*r**2 - 2*r + 1. Let b be i(1). Let n be -2 - (-3)/(b/2). Let q = -2 - n. What is the units digit of q?
1
Let h be (138/30)/(2/10). Let f = h - 8. What is the units digit of f?
5
Let j(q) = 3*q. Let x be j(-1). Let c = x - -11. What is the units digit of c?
8
Suppose d - 5 = 0, -63 - 13 = -3*q - 2*d. What is the tens digit of q?
2
Suppose 47*z = 44*z + 177. What is the tens digit of z?
5
Let s(c) = c**3 + 14*c**2 + 12*c - 3. Suppose -t - 5*n = 33, -4*t - 42 = -4*n - 6. What is the tens digit of s(t)?
1
Suppose -3*x - n + 210 = -x, 0 = -4*n. What is the tens digit of x?
0
Let i be (12/14)/(4/28). What is the units digit of (3/i)/((-2)/(-12))?
3
Let u = 50 - 15. What is the tens digit of u?
3
Suppose -d + 5*v = 23, 0*v = -3*d - 2*v + 16. Let t be ((-12)/(-4))/3 - -32. Suppose 2*l - t = m - 6*m, d*l - 5*m = 3. What is the units digit of l?
9
Suppose 1 = -v + 6. Suppose n + 46 = v*n + 3*t, -4*t = -5*n + 42. What is the tens digit of n?
1
Let f(z) be the first derivative of z**4/4 - z**2 - z - 3. Let a be f(-1). Let p = 11 - a. What is the units digit of p?
1
What is the units digit of (-1)/((-20)/6 - -3) - -3?
6
Let k(d) = -d**3 + 7*d**2 - 4*d + 3. Let l be k(4). Suppose -4*o = -l + 15. Suppose o = z - 6. What is the units digit of z?
1
Suppose 0*n = 2*n + 2. What is the tens digit of (n - 0)/((-4)/40)?
1
Let n(q) = 3*q**2 - q - 4. What is the units digit of n(-5)?
6
Let l = 13 + -25. Let b be (-3)/l + 74/(-8). What is the units digit of 48/b*3/(-2)?
8
Suppose 8*g - 30 = 5*g. What is the units digit of g?
0
Let c(w) = 158*w - 4. What is the tens digit of c(1)?
5
Let h(o) be the third derivative of -o**5/60 - 5*o**4/24 - o**3/2 + 2*o**2. Let k be (-19)/5 + 2/(-10). What is the units digit of h(k)?
1
Let y be 2 + (-3 + 2 - 2). What is the units digit of (1/y)/((-7)/35)?
5
Let n(g) be the first derivative of 2*g**2 - g + 1. What is the units digit of n(3)?
1
Let l(r) = -r**2 + 22*r - 34. What is the tens digit of l(14)?
7
Suppose -5*m = -0*k - 4*k - 295, 3*m + 2*k - 155 = 0. What is the tens digit of m?
5
Suppose l + 4*k + 13 = 0, -3*l + k + 5 = 2*k. Suppose 0 = -3*t - l*u + 18, 5*u + 41 + 10 = 4*t. What is the units digit of t?
9
Let d = 6 + -4. Let h = 4 - d. Suppose 5*t + h*x = -3, -5*t - 13 = -2*t + 4*x. What is the units digit of t?
1
What is the hundreds digit of 924/7 - (-1 + -2)?
1
Let o = -20 - -38. What is the units digit of o?
8
What is the tens digit of 3/((-6)/(-4))*2093/26?
6
Let n(m) = -2*m**2 + 1. Let u be n(1). Let s be (-4 - -5)*(u + 1). Let i(h) = -h**2 + 5. What is the units digit of i(s)?
5
Let o be (3 - 5) + -15 + 1. Let n = 8 - o. What is the tens digit of n?
2
Let n(x) = 164*x. Let o be n(1). What is the units digit of (-6)/(-8) - o/(-16)?
1
Suppose 0 = -10*a + 14*a - 16. What is the units digit of a?
4
Suppose 2*n - 14*n = -228. What is the tens digit of n?
1
Let m(y) = -2 + y - y**3 + 3 - 3*y**2 + 0*y**2. Let t be m(-2). What is the units digit of (-3)/((45/24)/t)?
8
Let w = -47 - -86. What is the units digit of w?
9
Let i(s) = 19*s**2 + 4*s - 4. Let t be i(2). Let k = 2 - -2. Suppose -k*g + 8*g = t. What is the tens digit of g?
2
Suppose 0 = 9*p - 13*p + 24. Let m(u) = u**2 - 2*u - 14. What is the units digit of m(p)?
0
Let t(q) = -q**2 - 29*q - 22. What is the tens digit of t(-24)?
9
Let y = 16 - 49. Let t = y - -22. What is the units digit of 1 - (3 + (t - 0))?
9
Suppose -2*r = -3*d - r + 156, 59 = d + 2*r. What is the tens digit of d?
5
Suppose -3*x - 62 = q, 3*x - 79 = q + q. Let f = -16 - q. What is the units digit of f?
1
Let j(q) = -q**2 + 12. What is the tens digit of j(0)?
1
Suppose -3*z - 100 = -19. Suppose 0 = -2*k - 2*k + 156. Let h = z + k. What is the units digit of h?
2
Suppose 3*c - 31 + 1 = 0. What is the tens digit of c?
1
Suppose -y + 4*v = -17, -4*y = -5*v - 2 - 22. Let l = 14 + y. Let o = l - 7. What is the units digit of o?
8
Suppose 0 = 2*n + n. Suppose -2*a - 21 + 103 = n. What is the units digit of a?
1
Suppose 4*c - 1 + 4 = 5*r, 0 = 5*c - 2*r - 9. Let y = -58 + 58. Suppose 6*x - c*x - 39 = y. What is the units digit of x?
3
Let y be 2/(3/(-15)*-2). Suppose -3*w + y*a - 4 = 0, -3*w + 7*a = 4*a. What is the units digit of w?
2
Let p be -1*4*(5 - 7). Let b(y) = 2*y - 7. What is the units digit of b(p)?
9
Suppose -6 = 2*h - 3*h. Suppose 0 = -x - 3*x - 3*u + h, -x = -3*u + 6. Suppose -f + 18 + 0 = x. What is the tens digit of f?
1
Suppose -9 + 132 = 3*o. What is the tens digit of o?
4
Suppose 5*d + 27 = 4*f, -5*d = -2*d - f + 12. Let n(r) = 2*r**2 + r - 3. What is the units digit of n(d)?
2
Let h(i) = -i**2 + 62. What is the units digit of h(0)?
2
Let x be (28/10)/((-4)/(-10)). Let l = x - 4. What is the units digit of l?
3
Suppose -3*m + 156 = 5*y - 70, m = -y + 44. What is the tens digit of y?
4
Let s be ((-30)/20)/((-6)/8). What is the units digit of 3/s - (-11)/22?
2
Suppose -5*q = -0*q - 175. Suppose -2*r + 27 = -3*f, -4*r = r - f - q. What is the units digit of 3*(-3)/r*-8?
2
Suppose 2*f + 2*n - 4 = 0, -5*f + 3*n = -6 - 4. Suppose -36 = -f*x - x. What is the tens digit of x?
1
Suppose 4*w = 3*w + 54. What is the units digit of w?
4
Suppose -5*n + 3 + 12 = 0, 5*q - n = 62. Let w = 20 - q. What is the units digit of w?
7
Let n = -2 + 6. Suppose 2*f + 2*f + 1 = -i, -4*f - n*i - 16 = 0. What is the tens digit of f/(-2) - (-125)/10?
1
Let m = -70 - -137. What is the units digit of m?
7
Let z(b) = 2*b**2 + 2*b - 1. Let t be z(-2). Suppose 0 - 9 = -t*v. What is the units digit of v?
3
Suppose 2*n = -0*n + 22. Let a(k) = -k**2 + 12*k - 7. What is the units digit of a(n)?
4
Let c(s) be the third derivative of s**5/60 + s**4/24 + 3*s**2. What is the units digit of c(2)?
6
Let g(i) = i**2 + 6*i + 3. Let l be g(-6). Suppose v + l*w + 4 - 3 = 0, 5*w = -10. What is the units digit of v/10*(0 + 2)?
1
Let v(j) = -j**2 + 6*j + 3. Let q be v(6). Suppose -3*l - 4*f + 93 = 0, q*l - 4*f - 106 = -13. Suppose 5*m + l = 81. What is the tens digit of m?
1
Suppose 0 = 4*v + v + 15. Let u(j) = j**3 + 4*j**2 - 2*j - 4. What is the units digit of u(v)?
1
Let v(p) = -41*p + 3. What is the tens digit of v(-1)?
4
Suppose v + 4*r + 1306 = -4*v, -4*r = -2*v - 500. Let b be 2/3 + v/(-18). Suppose 2*u = 5*j - 3*u - 65, -5*u - b = 0. What is the tens digit of j?
1
Let a be -10*(-1)/3*-3. Let g = 1 + a. What is the units digit of g/(-4) - 2/8?
2
Let a(p) = p**2 - 7*p + 8. Let r be a(8). Let h = 37 - r. What is the tens digit of h?
2
Let j(a) 